i + 189, 2*g - 4*i - 70 = 0. What are the prime factors of g?
37
Let l = -77 + 134. What are the prime factors of l?
3, 19
Suppose -q - q + 14 = 0. Suppose -q - 30 = -t. List the prime factors of t.
37
Let m(s) be the first derivative of -1 + 3*s**2 - 3*s**2 - 2*s - s**2. What are the prime factors of m(-6)?
2, 5
Suppose 219 = 3*f - 48. What are the prime factors of f?
89
Let m = 11 + -3. Let d = m - 5. Suppose -3*p = -d, w + 51 = 4*w - 3*p. What are the prime factors of w?
2, 3
Let o = 33 - 18. Suppose 0 = -2*w - 3*w + 15. Suppose 3*k + 0*p - 33 = 5*p, -w*k + o = p. List the prime factors of k.
2, 3
Let v = 0 - 0. Suppose 2 = -0*r + r. Suppose -2*m - 3*n + 10 = v, m - 3*n + r = -m. What are the prime factors of m?
2
Suppose -5*j + t + 72 = 22, 0 = -5*j + 5*t + 50. What are the prime factors of (-1 - -4)/(6/j)?
5
Let f(u) = u**2 + 2*u - 2. Suppose -2*d + 0 = -2*a - 10, -5*a + 2*d = 13. Let t = a + 4. What are the prime factors of f(t)?
13
Let s = -12 - -14. List the prime factors of 248/16*4/s.
31
Suppose 3*l = -s + 11, -s - s = -l - 36. What are the prime factors of s?
17
Let f be (-15)/3*1 + 3. Let r(q) = 8*q**2 - 4*q - 11. Let g(a) = -4*a**2 + 2*a + 6. Let l(p) = 7*g(p) + 4*r(p). What are the prime factors of l(f)?
2, 3
Suppose -11*a + 872 = -921. List the prime factors of a.
163
Suppose 0 = -5*m + 6*m + 13. Let h = m + 7. What are the prime factors of (-5)/(15/4)*h?
2
Let d(k) = -k - 5. Let p be d(7). Let i = 34 + p. Suppose -q = q - i. List the prime factors of q.
11
Let t be -4 - (-1 + (4 - 61)). Let v = t - 35. List the prime factors of v.
19
Let a = 2 + -1. Suppose a + 14 = 5*u. What are the prime factors of ((-16)/6)/((-1)/u)?
2
Suppose -28 = t - 3*t - 5*b, 5*t + 3*b = 32. Suppose 3*m - t*m = 0. Suppose 3*v + 2*v - 50 = m. What are the prime factors of v?
2, 5
Let v(k) = -k - 2. Let z be v(-2). Suppose 0*c - 4*c - 3*p + 46 = z, -p + 24 = 2*c. Let t = c - 8. What are the prime factors of t?
5
Suppose -x = 4, 4*s = 3*s - 3*x - 10. Suppose 0 = -5*o + 2*f + 106, o - s*f = 2*f + 32. What are the prime factors of o?
2, 5
Let y(u) = 3*u**2 + 2*u - 13. What are the prime factors of y(8)?
3, 5, 13
List the prime factors of -1 - ((-4)/26 + (-1556)/26).
59
Suppose 6*s - s = 0. Suppose 2*y - 4*y + 3*c + 24 = s, y + c = 17. Suppose -5 = -5*m + y. What are the prime factors of m?
2
Suppose 5*v = -3*s + 238, 2*s - 3*s - 154 = -3*v. List the prime factors of v.
2, 5
Let d = -27 - 0. Let q = 41 + d. List the prime factors of q.
2, 7
Suppose -6*f + f - 5*u + 690 = 0, -5*u - 15 = 0. What are the prime factors of f?
3, 47
Suppose -19 = 2*y + 3*p, 3*y - y + 5*p = -29. What are the prime factors of y/((-2)/13*1)?
13
Let k = -10 + 77. What are the prime factors of k?
67
Let t = -20 - -50. Suppose 0 = -2*m + t + 2. What are the prime factors of m?
2
Suppose 38 = 3*k - 58. Suppose 4*p = -k + 80. What are the prime factors of p?
2, 3
List the prime factors of (-4 + 2 - -4)*8.
2
Let w = -32 - -53. Suppose -2*d - w = -71. What are the prime factors of d?
5
Suppose 2*k - 4*k - 2*x + 34 = 0, -4 = -2*k + 4*x. List the prime factors of k.
2, 3
Suppose 5*d + 26 = -19. Let p(s) = -2*s - 11. Let i be p(d). Suppose 3*h + i = 4*h. What are the prime factors of h?
7
Let y be (2 + -1)/(1/(-2)). Let s = 15 + y. What are the prime factors of s?
13
Suppose 0*a = -5*q + a - 11, 0 = q - 4*a - 13. Let d = 8 + q. Suppose d*l + 2 = 47. List the prime factors of l.
3
Let u(z) = -12*z + 5. Let s be u(-4). Let b = s + -36. List the prime factors of b.
17
Let v = -143 + 266. What are the prime factors of v?
3, 41
Let u = 95 + 16. What are the prime factors of (-2)/(-4) - u/(-6)?
19
Let n(r) = -r**2 + 13*r + 1. Let g(b) = -2*b**2 + 26*b + 3. Let d(q) = -2*g(q) + 5*n(q). What are the prime factors of d(12)?
11
Let r = 87 - 46. List the prime factors of r.
41
List the prime factors of 1/(-9) + 6620/45.
3, 7
Suppose 5*i = -o + 24, i + 3*o - 4 = -2. Suppose -2*t - 10 = -i*t - n, 6 = -3*n. Let g = t + 0. List the prime factors of g.
2
Suppose -c = -0*c. Let b be (-47)/(-7) - 10/(-35). Let d = c + b. What are the prime factors of d?
7
Suppose 8*d + 4*y = 3*d - 23, d = 2*y - 13. Let f(v) = -2*v - 3. Let a be f(7). Let z = d - a. List the prime factors of z.
2, 5
Let p(o) = 2*o**2 + 14*o - 59. What are the prime factors of p(-14)?
137
Let m(l) = 7*l**3 - 17*l**2 + 10*l - 1. Let y(a) = 4*a**3 - 9*a**2 + 5*a - 1. Let t(o) = 3*m(o) - 5*y(o). List the prime factors of t(5).
2
Suppose -y - 3*y + 60 = 0. What are the prime factors of y?
3, 5
Suppose 0 = i - 2 - 3. Suppose 26 = 5*t - 29. Suppose 0 = a - t + i. What are the prime factors of a?
2, 3
Suppose -30*b + 156 = -27*b. List the prime factors of b.
2, 13
Let g = -17 + 24. Suppose -2*d = -g - 3. List the prime factors of d.
5
Suppose 0 = x + f + 1, 2*x + 2*f + f + 5 = 0. Suppose 50 = 7*n - x*n. What are the prime factors of n?
2, 5
Let i be (-516)/42 - (-4)/14. List the prime factors of 15/(-3) - -2 - i.
3
Suppose -3*j - 46 = -5*f, 3*f - 2*j = -2*f + 44. Suppose b - f = -b. Let i(k) = 3*k - 3. List the prime factors of i(b).
3
Suppose 4*j - 424 = -4*r, -2*r - 338 = 2*j - 5*j. List the prime factors of j.
2, 5, 11
Suppose 5*r = r + 112. List the prime factors of r.
2, 7
Let c(j) = -6*j - 3. Let t be c(-3). Suppose 2*q + a = t, -2*q + 2*a = q - 26. What are the prime factors of q?
2
Let n(u) be the first derivative of -7*u**2 - 6*u - 3. What are the prime factors of n(-3)?
2, 3
Let n(j) = 5*j**2 + 4*j - 1. What are the prime factors of n(4)?
5, 19
Suppose j = -4*g + 71 + 30, 0 = j - 5. Let l be (-2 - -1)*39/3. Let n = g + l. List the prime factors of n.
11
Let h(v) = -1 - 3*v**3 - 16*v**2 - 2*v - 4*v**3 + 14*v**2. Let s(i) = -i**2 + 5*i + 5. Let n be s(6). What are the prime factors of h(n)?
2, 3
Let z(c) = 14*c - 1. What are the prime factors of z(3)?
41
Let h(j) = 2*j + 20. Let z be h(-6). Let n be 0 - (-4 - (0 + 1)). Suppose n*t - z - 32 = 0. List the prime factors of t.
2
Let t = 693 - 328. What are the prime factors of t?
5, 73
Let v = -9 - -26. Suppose f = 4*i + v, 13 = f - 2*i - i. What are the prime factors of 12/f + 0 + 0?
2, 3
Let q(h) = -h**3 + 3*h**2 + 6*h - 2. List the prime factors of q(4).
2, 3
Let v(l) be the second derivative of l**5/20 + l**4/2 - l**3/3 - 5*l**2/2 + 8*l. List the prime factors of v(-6).
7
Let h = -16 + 30. Suppose -2*y = -5*p + 24, -2*y = -0*p + 3*p - 8. Let x = h - p. What are the prime factors of x?
2, 5
Suppose -8*c + 3*u + 787 = -3*c, c = -3*u + 143. What are the prime factors of c?
5, 31
Let r(a) = a**3 + 4*a**2 + a + 4. Let h = 2 + -6. Let i be r(h). Suppose i*p = -p + 7. List the prime factors of p.
7
Let g be (-2)/(-6) + 62/3. Suppose -r + 19 = -g. Suppose -4*h + 9*h = r. What are the prime factors of h?
2
Let m be 12 + 3 - (-2)/2. Suppose -h = h - m. Suppose -4 = -2*j + h. List the prime factors of j.
2, 3
Suppose 5*p - 77 + 27 = 0. Let l = p + -6. What are the prime factors of l?
2
Suppose 5*i - 2*i - 12 = 0. List the prime factors of i - 1 - 3/3.
2
Let v = 0 + 0. Suppose v*t = 2*t. Suppose -4*h - d + 20 = t, -2*h - d + 12 = -0*h. What are the prime factors of h?
2
Let l = 85 - -262. What are the prime factors of l?
347
Suppose 0 = -3*g - 5*n + 119, 0 = 2*g + 2*n + 5 - 87. What are the prime factors of g?
43
Let k(a) = 2*a**3 - 2*a**2 + a. Let s be k(2). Suppose -10 - s = -4*b. List the prime factors of b.
5
Suppose 0 = -50*k + 47*k + 279. List the prime factors of k.
3, 31
Let j be (-6)/4*(-2 + 8/12). Suppose -3*l + 38 = -2*q, 2*l = 3*q + l + 43. What are the prime factors of j/(((-4)/q)/2)?
13
Let r(c) = -c**2 + 13*c - 9. What are the prime factors of r(10)?
3, 7
Let g be (-40)/(-12) - 2/(-3). Suppose -2*l + g*l - 10 = 0. Suppose 3*w - l*s - 16 = 0, -s = -w - 0 + 8. What are the prime factors of w?
2, 3
Let b(s) = -19*s + 1. Let x be 1 + -2 - (-1 - -1). List the prime factors of b(x).
2, 5
Suppose -4*k = -0*w + 2*w - 6, 4*w = -k + 12. Suppose k = -i + m + 8, -2*m + m + 22 = 4*i. List the prime factors of i.
2, 3
Suppose -5*q + 42 = -3*q. What are the prime factors of q?
3, 7
Let f(y) = -13*y - 8. What are the prime factors of f(-4)?
2, 11
Suppose 12 = 2*t + 2*t - 5*p, -2*p = 0. List the prime factors of 45/(-10)*(-20)/t.
2, 3, 5
Let c(f) = 2*f**3 - f**2 - 6*f + 6. List the prime factors of c(3).
